
Let z = 4164 - 3201. What are the prime factors of z?
3, 107
Let r(q) = 18*q**2 - 345*q + 44. What are the prime factors of r(-30)?
2, 13297
Let l = -15632 - -15656. List the prime factors of l.
2, 3
Let l be ((-49288)/(-183))/(4/6). Let g(r) = r + 12. Let d be g(-7). Suppose v = d*v - l. What are the prime factors of v?
101
Let s = -238 - -386. Suppose 5*o - 3 + 16 = 4*b, 11 = 3*b - 5*o. Suppose b*h = 4*h - s. List the prime factors of h.
2, 37
Let f(q) = -q**3 - 112*q**2 + 58*q + 511. List the prime factors of f(-116).
3, 7, 2267
Suppose 0 = -3*v + 8 - 14. Let o(b) = -b**2 - 7*b - 8. Let s be o(v). Suppose 4 = -c, 0 = -4*h - 0*c + s*c + 24. What are the prime factors of h?
2
Suppose 4*f - 25240 - 1465 = v, -5*f - v + 33379 = 0. List the prime factors of f.
2, 1669
Let z = 15970 + -6598. What are the prime factors of z?
2, 3, 11, 71
Let v be (80/12)/1*3. Let g = v - 56. List the prime factors of (g/20)/(6/(-50)).
3, 5
Let y = 60 + -110. Let b(z) = -16*z**2 + 4*z - 4. Let c be b(3). Let d = y - c. List the prime factors of d.
2, 43
Suppose -4*t - 680 = 1260. Let v = t + 882. What are the prime factors of v?
397
Let k be -15*(3 - (-99)/(-27)). Suppose 5*v + 5 = 0, 7*v - 735 = -2*h + k*v. List the prime factors of h.
2, 3, 61
Suppose 12*m - 20 = 8*m, 4*n - 3*m = -3. Suppose 0 = 2*y + d - 2010, -4*y - n*d + 2563 + 1453 = 0. What are the prime factors of y?
19, 53
Suppose 4641 = -75*m + 76*m. List the prime factors of m.
3, 7, 13, 17
Let o(d) = -2*d**3 + 7*d**2 - 9*d - 2. Let b be o(-7). Suppose 42*s + b = 47*s. List the prime factors of s.
2, 109
Let z be 62/10 - 10/50. Suppose -12*i + z = -10*i. Suppose -2*t = -i*g - 37, -5*t + 104 = -g + 5*g. List the prime factors of t.
2, 5
Suppose 1483*s - 1475*s = 722896. List the prime factors of s.
2, 45181
Let n(x) = -12*x**3 + 29*x - 2. Let j(c) = 4*c**3 - 10*c. Let v(g) = 11*j(g) + 4*n(g). List the prime factors of v(-4).
2, 7
Let n be 1 + 7/(-3) - (-2)/(-3). List the prime factors of 0 - 365/n - (-138)/(-92).
181
Suppose -3*z = 10*a - 6*a - 26, 3*z = -5*a + 22. Let w(i) = -i**3 + 14*i**2 + 4*i + 6. What are the prime factors of w(z)?
2, 31
Let x = 4792 + 8417. List the prime factors of x.
3, 7, 17, 37
Suppose -g = 2*n - 246, -8*g + 9*g + 486 = 4*n. List the prime factors of (-1)/((-16)/56)*1*n.
7, 61
Suppose -37994 = -36*g + 14*g. Let n = 2439 - g. What are the prime factors of n?
2, 89
Suppose -z - 4*z = 3*d - 191479, 5*d - z - 319169 = 0. List the prime factors of d.
7, 11, 829
Let m be (39/1)/((-5)/15). Suppose -2*p + 5*s = 56, 0*p - 5*p - 3*s = 109. Let c = p - m. List the prime factors of c.
2, 47
Let o(s) = 2*s**3 - 7*s**2 - 6*s + 6. Let n be o(4). List the prime factors of (-9171)/(-15) + n/5.
13, 47
Suppose -5*u + 35 = 0, -136*u + 135*u = 4*z - 47743. List the prime factors of z.
2, 3, 13, 17
Let b(k) = -3090*k**3 - 2*k**2 + 13*k + 13. What are the prime factors of b(-1)?
2, 193
Suppose 95*r = 96*r. Let x be (-2)/2*(-43 + r). Suppose -x = -7*n - 1. List the prime factors of n.
2, 3
Suppose -2*l + 3*v - 4*v = -26952, -10*v + 53888 = 4*l. List the prime factors of l.
13477
Suppose -151 + 131 = -5*i. Suppose i*o = g - 288, -2*g + 612 = -0*g + 4*o. List the prime factors of g.
2, 3, 5
What are the prime factors of -13 + 21 + 7 - -12922?
17, 761
Let w = 126 + -128. What are the prime factors of (2464/(-4))/(w/3)?
2, 3, 7, 11
Let z(c) = -2*c**2 + 6*c + 6. Let t be z(5). Let m be t + 19 + (-94)/(-2). Suppose -4*k + 5*q = -535, -2*k - 3*q = -303 + m. List the prime factors of k.
2, 5, 13
Let z(f) = f - 48. Let v be z(14). What are the prime factors of (-4)/v + (-3 - 20596/(-68))?
2, 3, 5
Let d(t) = -1102*t - 64 - 4*t**2 + 1139*t + 5*t**2. What are the prime factors of d(-41)?
2, 5
Let r = -1928 + 3856. Suppose 732 + r = 7*w. What are the prime factors of w?
2, 5, 19
Suppose -28274 = -3*m + a, 42*m - 46*m = -a - 37697. What are the prime factors of m?
3, 349
Let x(r) be the first derivative of 103*r**2/2 - 48*r + 71. What are the prime factors of x(3)?
3, 29
Let r(y) = y**3 - 6*y**2 + 3*y + 13. Let l be r(5). Suppose -4*d + l*d + 3 = 0. Suppose u + 0*u = 5*s - 3, d*u + 5*s = 91. What are the prime factors of u?
2, 11
Suppose 45 = -3*y + 8*y + 5*t, -4*y = 5*t - 38. Let i(p) = -5*p + 3. Let r be i(5). List the prime factors of (y/(-2))/(r/264).
2, 3, 7
Suppose -67*d - 18781 = -2*d - 288531. List the prime factors of d.
2, 5, 83
Suppose 10*f + 31113 + 25407 = 0. What are the prime factors of ((-20)/(-6))/((-24)/f)?
5, 157
Let v(a) = 611*a + 1342. What are the prime factors of v(6)?
2, 313
Let w = 1314 + -652. Suppose 6*y - 4*y + 2*z = w, -4*y + 1330 = -2*z. List the prime factors of y.
2, 83
Let g(b) be the third derivative of 0 - 1/6*b**3 - 12*b**2 + 1/24*b**4 + 0*b + 19/15*b**5. List the prime factors of g(1).
2, 19
Let x(q) be the third derivative of q**6/6 - q**5/30 + q**4/24 + q**3/3 - 43*q**2 + q. Suppose 3*k - 3 = 3*h, -3*k - 6 = h - 17. List the prime factors of x(h).
2, 3, 13
Let l(p) = 11*p**2 + 204*p + 45. What are the prime factors of l(11)?
2, 5, 181
Suppose -2*t + 33011 + 61107 = 3*c, -c - 4*t = -31366. Suppose 35*h = 3101 + c. List the prime factors of h.
5, 197
Suppose -5*t + 5*d + 70 = 0, -17 = -0*t - t + 2*d. Suppose t = 2*h + 7. Suppose 7*z - 122 = -f + h*z, -3*f + 2*z = -417. What are the prime factors of f?
137
Let n = 14904 - 105. List the prime factors of n.
3, 4933
Suppose -170*n - 4873 = -181*n. What are the prime factors of n?
443
List the prime factors of ((-3)/6)/(5/85)*(-1 + -1633).
17, 19, 43
Suppose 3*c + c - 3*f = 13, f = 1. Suppose 0 = -i - 2, -19 = -q - c*i + 142. List the prime factors of q.
13
Let p be ((-11)/(-5) - 0) + (-9)/45. Suppose i - 4*y = -i + 432, 0 = -4*i - p*y + 864. List the prime factors of i.
2, 3
Suppose c + 69 = -h, 3*c + 217 = 8*h - 9*h. Let x be (127/(-4))/(1/(-4)). Let d = c + x. List the prime factors of d.
53
Suppose 2*a - 4*i = 4078, 5*a - 9107 = 2*i + 1072. What are the prime factors of a?
5, 11, 37
Suppose 0 = 5*m - 4*n + 5, 4*m - n - 1 = 2*m. Suppose 5*a + 71 = 3*y + 6*a, m*y = -4*a + 77. Suppose 3*u = 68 - y. List the prime factors of u.
3, 5
Let f(p) = -46*p**3 - 8*p**2 - 3*p + 3. Let n be f(4). What are the prime factors of (-20)/(-70) - (0 - n/(-21))?
3, 7
Suppose 298*q - k - 10355 = 297*q, -q - 4*k = -10360. What are the prime factors of q?
2, 3, 863
Suppose -r = 4*z - 1379, 265 = z - r - 81. Let f = z - 238. What are the prime factors of f?
107
Let w(n) = 23 + 42*n + 31 - 61. Let s be w(-6). What are the prime factors of 9/45 + s/(-5)?
2, 13
Suppose -2*v = 10, 2*v + 2711 = 5*b - 2899. Suppose -b = -2*s - 3*o, 4*s + 4*o - 2250 = 3*o. List the prime factors of s.
563
Suppose 28*h + 4*h - 274450 = 7*h. List the prime factors of h.
2, 11, 499
Suppose -3*d + 3*s + 2175 = 0, 2*s - 3 = 7. Suppose d = -152*g + 157*g. What are the prime factors of g?
2, 73
Let p(f) = -5006*f - 312. List the prime factors of p(-6).
2, 3, 2477
What are the prime factors of 10890 + (-2)/(10/(-15))?
3, 3631
Suppose 0 = -5*c - 12*c + 1292. Let z = c - -273. Suppose -5*h + 0*h = 2*f - 148, -z = -5*f - 2*h. What are the prime factors of f?
3, 23
Let y(d) = -d**2 - 10*d + 7. Let f be (13/(-3) + 1)*(-12)/10. Suppose 3 = -a, -f*s + 2*s - 24 = 2*a. What are the prime factors of y(s)?
2
Suppose v - 12 = 6. List the prime factors of (24183/v + -6)*6/5.
3, 5, 107
Let j(y) = y**3 - 11*y**2 + 10*y + 2. Let m be j(10). Suppose 0*t = t - 5, -m*w = -5*t + 3. Let n = w - -11. List the prime factors of n.
2, 11
Let c(l) be the second derivative of 71*l**3/2 - 15*l**2/2 + 208*l. List the prime factors of c(6).
3, 421
Let x = 839 - -28. Suppose k - 3*j = -5*j + x, -j - 1759 = -2*k. What are the prime factors of k?
877
Let o = 2935 - -1970. List the prime factors of o.
3, 5, 109
Let o(n) = 19*n**2 - 32*n + 1531. What are the prime factors of o(-34)?
13, 31, 61
Suppose 2*g - 18 = -2*f, g - f - 2 = 3. Suppose -g*w = 609 - 3157. What are the prime factors of w?
2, 7, 13
Let c(f) = 11348*f - 8828. What are the prime factors of c(5)?
2, 53, 113
Suppose 59 = -w + 4*w - 4*t, 4*t = -2*w + 46. Suppose b + a + 9 = w, -4*a = 3*b - 37. What are the prime factors of b?
11
Suppose 0 = -2*c - 662 + 730. Suppose -48 - 1516 = -c*r. What are the prime factors of r?
2, 23
Suppose -30*m + 51*m + 63307